4. Suppose 0 = -21*b + 14*b + 14. Suppose -4*f - 12 = k, 6 - 4 = -b*k + 3*f. Calculate g(k).
4
Let x be ((-14)/(-4) - 2)/((-267)/356). Let g(u) be the first derivative of u**4/4 + u**3 - 2*u + 2. What is g(x)?
2
Suppose 4*h = j, 0 = -5*j - 5*h + 19 - 69. Let w(r) = -r**2 - 5*r + 16. Calculate w(j).
-8
Let y(r) = -r + 3. Let x(l) = 4*l**2 - 7. Let v(k) = 7*k**2 + k - 13. Suppose 2*q + 6 = -0. Let s(p) = q*v(p) + 5*x(p). Let t be s(-3). What is y(t)?
-1
Suppose -2*s + 3*z + 40 = 0, -3*s + 63 = -4*z + 3. Let r be (s/12)/((-5)/(-15)). Let f(m) = -m - 2. What is f(r)?
-7
Let i be (18 - 2)*((-10)/(-4))/5. Let z(p) = -2*p + 4. Determine z(i).
-12
Let x(i) = 3*i - 1. Suppose 5*q + 3*z = 16, 3*q - 4*z = -2*q + 2. Suppose 0*d - 5*d - 30 = 3*g, q*d = g - 23. Let f(n) = n + 7. Let s be f(d). What is x(s)?
-7
Let r = 73 - 39. Let t = r + -33. Let l(i) be the third derivative of 11*i**5/60 - i**2. Determine l(t).
11
Suppose 4*g - 6 - 2 = 0. Let y(c) = -c**3 + 5*c**2 - 5*c + 6. Let r be y(4). Let h(j) = 4*j**r - 2*j - 3*j**2 + 0*j**3 + 1 + 2*j**2 - 2*j**3. Calculate h(g).
-7
Let i(l) be the second derivative of -l**5/20 + l**4/3 + 2*l**3/3 + 13*l. Let u(x) = -2*x + 1. Let b be u(-2). Determine i(b).
-5
Let i(y) = 4 - 4 - y**2 - 1 + 2*y**2. Let z(d) = -d**3 - 9*d**2 - 2*d - 10. Let x be z(-9). Let s = x + -5. Determine i(s).
8
Suppose -3*u = -o + 13, -16*o + 11*o + 4*u = -21. Let f(j) be the third derivative of j**5/60 - j**4/24 + j**3/6 - j**2. Determine f(o).
1
Let f(y) = y**2 + 5*y - 10*y + 6*y + 6. Calculate f(5).
36
Suppose -7 + 21 = q. Let f(n) = -15*n**3 + q*n**3 + 2*n + 6*n**2 + 2 - 2*n**2. What is f(4)?
10
Let o(w) = -w - 9. Suppose 0 = 3*z + 2*r + 167, z - 4*r - 163 = 4*z. Let n = z - -48. What is o(n)?
0
Let l be (-7)/(((-2)/(-1))/2). Let u(i) be the second derivative of -i**4/12 - i**3 + 5*i**2/2 - 38*i - 4. Determine u(l).
-2
Let l(d) = d**3 + 10*d**2 + 8*d + 60. Let u be l(-10). Let t(s) = -s - 10. Calculate t(u).
10
Let p(w) = -w**2 + 5*w + 369. Let t be p(-17). Let y(k) = 4*k**3 + 2*k**2 - k + 7. Let r(j) = 3*j**3 + 3*j**2 + 6. Let g(n) = -3*r(n) + 2*y(n). What is g(t)?
6
Let k(x) = 1 + x - 1 + 2. Let v be (8/16)/(1/36). Suppose 0 = v*z + 54 + 18. Give k(z).
-2
Let f(c) = 11*c**2 - 29*c + 6. Let g(l) be the third derivative of l**5/15 - 5*l**4/12 + l**3/3 + 3*l**2. Let t(h) = -3*f(h) + 8*g(h). Determine t(7).
-2
Let x(h) = h**2 + 7*h - 96. Let d be x(7). Let o(q) be the second derivative of -1/12*q**4 - 3*q**d + 6*q - 7/6*q**3 + 0. What is o(-5)?
4
Let n be (8/(-12))/((-1)/(-3)). Suppose 2*d + 4*q = 8 + 8, 0 = -5*d - 3*q + 19. Let l(p) = 2 - d*p - 4 + 6*p. Calculate l(n).
-10
Let c(l) = 2*l. Suppose -2*k - 14 = -4*b - 74, 0 = 2*k - 5*b - 61. Let d = k - 30. Determine c(d).
-4
Let u(k) = -5 + 770*k + 3 - 771*k. Let b be (1 - 1)/(2 - 5). Calculate u(b).
-2
Suppose -5*j = 0, 4*b + b - 2*j = -15. Let q(a) = 27*a**2 + 26*a + 15. Let u(d) = -5*d**2 - 5*d - 3. Let i(o) = -2*q(o) - 11*u(o). What is i(b)?
3
Let q = 1 + 3. Let d be q/6*1*3. Let k(l) be the first derivative of -l**2/2 - 2*l - 51. Give k(d).
-4
Let y(f) be the second derivative of -f**5/60 + f**4/6 + f**3 + 6*f**2 - 2*f - 9. Let b(u) be the first derivative of y(u). Calculate b(6).
-6
Let v(b) = -269*b + 8 + 803*b - 273*b + 2*b**2 - 270*b. What is v(5)?
13
Let u = -55 - -60. Let j(h) = 11 + u + 0*h - 23 - h. What is j(-9)?
2
Let g = 4 + -9. Let t(b) be the first derivative of -b**4/4 - b**3 + 3*b**2 - 6*b - 16. What is t(g)?
14
Suppose -o + 20 = -2*o. Let x be (-6)/18*-1*69. Let d = o + x. Let v(z) = -z**3 + 2*z**2 + 2*z - 4. Calculate v(d).
-7
Let z(i) = i + 7. Suppose 3*b - 17 = 3*v + 1, -2*v - 15 = -3*b. Let x be 0 - (2 - b)*3. Let n be -9 - (x - 2)*-3. Calculate z(n).
1
Let f(v) = -2*v**2 - 12*v + 6. Let q(t) = t**2 + t + 1. Let k(g) = -f(g) - 3*q(g). Let m = 215 - 207. Determine k(m).
-1
Let j(t) = -3*t**2 - t + 1. Let l(y) = -y**2 - 8*y. Let o = -15 + 7. Let d be l(o). Suppose 4*w - 3*z + 2 = 0, -2 + d = -w + 2*z. Determine j(w).
-9
Let f be (196/(-91) - -7) + (-6)/(-39). Let m(y) = -y**3 + 4*y**2 + 5*y + 11. Calculate m(f).
11
Let y(g) = 3*g**3 - 112*g**2 + 58*g**2 + 69*g**2 - 4*g**3 - 14. What is y(15)?
-14
Let s(k) = -6*k**2 - 386*k + 5*k**2 + 3*k**3 - 5 + 380*k - 2*k**3 + 5*k**2. Determine s(-4).
19
Let a(d) = d**2 - 12*d + 14. Let j(o) = -3*o**2 + 38*o - 43. Let r(i) = -7*a(i) - 2*j(i). Give r(7).
-5
Let s(f) be the first derivative of -29*f**2/2 + f - 403. Give s(1).
-28
Let w(s) = -3*s + 29. Let l be w(9). Let g(j) = j**l - 74 + 11*j + 64 - 16*j. What is g(7)?
4
Let o(c) be the first derivative of c**3/3 - 3*c**2 + 2*c - 2. Let g be o(6). Let s(x) = 2 + 0*x + 2*x**3 - 7*x**g + 3*x**2 + 2*x. Calculate s(2).
6
Let y(l) = l**2 + 11*l + 24. Let i be y(-6). Let c(h) = h**3 + 4*h**2 - 8*h + 1. Give c(i).
-23
Let q(m) = 8*m - 112 + 2*m**2 + 55 + 0*m**2 + 62. Determine q(-3).
-1
Suppose -525 = 28*z - 189. Let r(a) = -a - 12. Determine r(z).
0
Let a(y) = -8*y + 93. Let u be a(12). Let t(f) = f**3 + 3*f**2 + 3. What is t(u)?
3
Let o(h) = h**2 - 5*h + 4. Let l(c) be the third derivative of -c**6/120 + 7*c**5/30 - c**4/24 + 3*c**3 + 5*c**2. Let z be l(14). Give o(z).
0
Let y(g) = g**3 + 11*g**2 + 11*g + 20. Let q(k) = -k**3 + 20*k**2 - 21*k + 28. Let w be q(19). Give y(w).
10
Let v(h) = -h. Let d(g) = 0 + 5*g - 5 + 1 + 2. Let t(s) = -d(s) - 4*v(s). Let c(w) = -w**2 - 1. Let f be c(-2). Calculate t(f).
7
Let x(b) = -b - 2. Let w be x(-1). Let o be (-2)/((-1)/2*w). Let v(n) = -1 - 6*n**2 - n**3 - 298*n + 3*n**2 + 301*n. Calculate v(o).
3
Let a(i) be the third derivative of -7*i**5/30 - i**4/8 - 7*i**3/3 - 15*i**2. Let b(p) = 5*p**2 + p + 5. Let k(j) = 4*a(j) + 11*b(j). Calculate k(-1).
-1
Let a = -1583 + 1576. Let j(i) = -i**3 - 8*i**2 - 6*i + 6. Determine j(a).
-1
Let x(r) = -2*r**3 - 2*r**2 + 5*r + 4. Let z(m) = 3*m**3 + 3*m**2 - 9*m - 8. Let o = -3 + -2. Let g(l) = o*x(l) - 3*z(l). What is g(-3)?
-20
Let x(m) = m**2 + 7*m + 4. Let k = 346 + -343. Suppose 1 = -o - 4*w, w - 8 = -0*o - 3*o. Suppose b - k*b - 17 = -f, -o*f = -9. What is x(b)?
4
Let f(d) = -d**3 - 5*d**2 + 5. Let k be f(-5). Let g(o) = -4*o**2 - o**3 - k*o + 0*o**2 - o**2 - 5. Let i(l) = -4*l**2 + l - 1. Let x be i(1). What is g(x)?
-1
Let o(f) be the second derivative of f**5/20 + 5*f**4/12 - 2*f**2 - 230*f. Determine o(-3).
14
Let k be (1/2)/(3/90). Let q be (5/k)/((-1)/3)*-5. Let a(h) = 4 + h - 4*h - 3 + h**2. Calculate a(q).
11
Let h(g) = -g**3 - 6*g**2 + 7*g + 2. Suppose 2*u - 14 = -3*f - 58, 2*u - 3*f = -68. Let i be u/(-8) + (-3)/2 - 9. What is h(i)?
2
Let s = -602 - -607. Let y = -4 + 4. Let x(n) = 0 - n + 1 + y - n**3 + 5*n**2. What is x(s)?
-4
Let q = 345 - 351. Let y(k) be the first derivative of k**4/4 + 5*k**3/3 - 3*k**2 + 4*k + 2. Determine y(q).
4
Suppose m = -2*d - 40 - 2, 6 = -3*d. Let v = -35 - m. Let h(q) = q**3 + 0*q**3 + 5*q + 8*q**2 - 3*q**2 - v*q. Give h(-4).
8
Suppose 4*i + 2*x + 24 = 0, -4*x + 0*x - 24 = 2*i. Let q(p) = -p + 2. Let n(a) = 3*a - 14. Let b(l) = n(l) + 5*q(l). What is b(i)?
4
Let b be (-122)/8 - 11/(-44). Let k be (0 + -1)/((-3)/b). Let u(j) = -j - 10. Let w be u(k). Let c(h) = -h**2 - 3*h + 5. Determine c(w).
-5
Let t(s) = 2*s + 1. Suppose 21 = 5*q + 22*x - 23*x, -3*x = -3*q + 3. Calculate t(q).
11
Let p(w) be the first derivative of w**2 - 4*w - 83. Calculate p(-6).
-16
Suppose 5 + 13 = k. Let c = 26 - k. Let f be -3 + 0 + c/4. Let i(a) = 9*a**2 + a + 1. Give i(f).
9
Let f be 1 + (5 - 2) + -2. Suppose -6*d + 2*d + 4*i + 24 = 0, 4*d = i + 21. Let c(x) = -4*x**2 - 1 - f + d*x**2 - 3. Give c(0).
-6
Let x be 2 + 1 + 2 + -3. Suppose -6 + 2 = -x*s. Let m be 5/s*-2 - 1. Let o(f) = f + 1. Determine o(m).
-5
Let g(f) = -4*f**3 + f**2 + 2*f + 2. Let q = -140 + 143. Let s(y) = 0*y + 0 + 5*y + 6 + 2*y**2 - 11*y**3. Let v(b) = q*s(b) - 8*g(b). Determine v(-2).
4
Let h(d) = -d**2 + 4*d - 6. Let s be 680/320 - (-1)/(-8). Determine h(s).
-2
Let l(v) = v - 4. Let q be l(9). Let y(o) = -4*o**2 + o + o**3 - o + 6 - 6*o + 0*o. Determine y(q).
1
Let o = -48 - -84. Suppose -o + 56 = -5*i. Let w(p) = -p - 1. Calculate w(i).
3
Let u = 37 - 40. Let i(d) = d - 5. Let p(k) = k + 1. Let t(n) = u*p(n) - i(n). Give t(-2).
10
Let s(w) = 5*w - 11*w - 90 + 5*w + 86. Let h = 0 + -4. What is s(h)?
0
Let l = -622 +